 x?
4
Suppose 18 = -2*d + 4*o, 24 = 4*d + 3*o + 5. What is the tens digit of d*(-4 + 2 - -71)?
6
Suppose 3*t = 16 + 2. Let u = 53 + t. What is the units digit of u?
9
Let v be -1 - ((2 - 0) + -5). Suppose 5 = v*z - 43. What is the units digit of z?
4
Suppose -3*m - 494 = -2*l, -4*l + 2*m + 999 - 11 = 0. What is the units digit of l?
7
Let i = 600 - 419. Suppose 3*d + 25 - i = 0. What is the units digit of d?
2
Let t = 37 + -35. Suppose -3*s = t*s - 125. What is the tens digit of s?
2
Let s = -355 + 556. What is the hundreds digit of s?
2
Let m(b) = -3*b + 3. Let d be m(-4). Let c(i) = 14 + 8*i - 60*i - d. What is the tens digit of c(-1)?
5
Let x(z) = 13*z + 2. Suppose 2 = n + 3. Let f be ((-1)/n)/(6/6). What is the tens digit of x(f)?
1
Suppose -3*c = 7 - 22. What is the tens digit of 399/2*c/(-45)*-6?
3
Let l = -386 + 1056. What is the tens digit of l?
7
Suppose 4*o = -2*s + 684, 2*s + 4*o = s + 350. Let c = -191 + s. What is the tens digit of c?
4
Let v(j) = 4*j - 3. Let x be v(2). Suppose 5 = -x*o + 4*o. Let c = o - -19. What is the tens digit of c?
1
Suppose 12*q + 13*q = 22675. What is the units digit of q?
7
Let v = 2367 + 69. What is the hundreds digit of v?
4
Suppose -3*m - 1342 = -8*m + y, -2*m - 4*y = -550. What is the hundreds digit of m?
2
Let m(k) = k**2 - 4*k + 1. Suppose 0 = -2*j + 5 + 3. Suppose 0*b = b + j. What is the tens digit of m(b)?
3
Suppose -7*t = -36*t + 45327. What is the tens digit of t?
6
Let x(j) = 44*j - 346. What is the units digit of x(23)?
6
Suppose -360 = 8*h + 416. Let k = h + 165. What is the units digit of k?
8
Let k(m) = -8*m**3 + 29*m + 66. What is the units digit of k(-4)?
2
Let g(m) = 133*m - 3. Let s(z) = -66*z + 1. Let d(p) = 3*g(p) + 5*s(p). Let r(w) = -103*w + 6. Let y(a) = -8*d(a) - 5*r(a). What is the units digit of y(-1)?
9
Suppose -3*o - 34 - 149 = 0. Let l = o - -109. Let t = 4 + l. What is the units digit of t?
2
Let x(p) = 4*p - 1. Let a be x(3). Let s(m) = m**2 - 4*m - 9. Let f be s(a). Suppose -f = -3*k - 14. What is the tens digit of k?
1
Let n = -153 - -314. What is the tens digit of n?
6
Let d(m) = 3*m**3 - m**2 - m + 2. Let a be d(-3). Let u = 168 + a. What is the units digit of u?
3
Let b(w) = 255*w + 148. What is the thousands digit of b(4)?
1
Let s(l) = -l**2 - 4*l - 6. Let g(j) = 2*j**2 + 8*j + 12. Let p(b) = -6*g(b) - 13*s(b). What is the units digit of p(-5)?
1
Let v = -82 - -88. Suppose -v*x + 2985 = 9*x. What is the hundreds digit of x?
1
Suppose -5*n + 564 = -n. Suppose 33*k = 34*k - n. What is the hundreds digit of k?
1
Suppose 0 = q - 2*j - 2566, 4830 = 4*q + 5*j - 5499. What is the hundreds digit of q?
5
Suppose -2*z - 2 = -2*m, 3*z = -2*z + m - 1. Suppose -5*n + n - 140 = z. Let g = n + 80. What is the tens digit of g?
4
Suppose g + 46 = -2. Let a = 170 + g. What is the hundreds digit of a?
1
Suppose -c - 4*o + 5 - 14 = 0, 5*o = c - 36. Let q = c - 11. Suppose -2 = -q*u - 2*u. What is the units digit of u?
1
Let b(i) = 0*i - 2*i + 6 - 5*i**2 - 3*i - i**3 - i**2. Let m(y) = -y**3 + y**2 + 3*y + 3. Let r be m(3). What is the tens digit of b(r)?
3
Let q be (6/(-4))/((-12)/(-80)). Let v = 37 - q. Suppose -3*n = -4*s - 46, 7*n = 4*n + 5*s + v. What is the tens digit of n?
1
Suppose 4*z - 4*m = -0*m + 44, -3*m = -z + 13. Suppose 4*v + 0*s + 2*s - z = 0, 0 = 4*s - 4. What is the units digit of v?
2
Let p(y) = -y**2 + 5*y - 1. Let c be p(-8). Let f = 11 - c. What is the hundreds digit of f?
1
Let t(v) = 4*v - 25. Suppose 0 = -2*s - 6 + 40. What is the tens digit of t(s)?
4
Let n be 4/8*-4*-1. What is the units digit of (-1)/n + (-2561)/(-26)?
8
Let h(y) = -y**3 + 13*y**2 + 9*y - 39. Let o be h(13). Suppose 2*c - c = o. What is the tens digit of c?
7
Let m(x) = 483*x + 254. What is the thousands digit of m(6)?
3
Let k(o) = 15*o**2 - 10*o - 18. Suppose 2*v - 3*n + 18 = 0, -5*n + 6 = -14. What is the units digit of k(v)?
7
What is the thousands digit of 1183 - (38/57)/(1/(-6))?
1
Let q(r) = -r**2 - 11*r - 6. Let x be q(-10). Suppose -2*u - u - x*i = -60, 4*u - 5*i = 80. Suppose 0 = 5*a - u, -j + 52 = j + 5*a. What is the tens digit of j?
1
Let s be (3 + -1)/((-5)/(-470)). Let b = s + -113. What is the tens digit of b?
7
What is the hundreds digit of (6692/21 + 9)/((-5)/(-15))?
9
Let t(z) be the second derivative of z**5/20 - 5*z**4/12 - 7*z**3/6 - z**2/2 + 3*z. Let k be t(7). Suppose 5*s - k = -18. What is the units digit of s?
6
Suppose -4*b - b - 1705 = 0. Let c = b + 605. What is the hundreds digit of c?
2
Let x(i) = -7 + 0*i + i + 1. Let k be x(6). Suppose 4*w - 6*w + 32 = k. What is the units digit of w?
6
Let m be (-4)/38 + 224/(-38). Let c(y) = -49*y + 37. What is the hundreds digit of c(m)?
3
Let d be (-310)/6 - (2 - 15/9). Let q = 1 - d. What is the tens digit of q?
5
Let q(b) = -b - 12. Let h be q(15). Let t = h + 91. What is the units digit of t?
4
Let s(h) be the second derivative of 6*h + 1/2*h**2 + 1/20*h**5 - 1/2*h**4 + 5/6*h**3 + 0. What is the units digit of s(6)?
1
Let l be (-5)/(-10) + (-17)/2. Let t be (-50)/(-3) + (-6)/9. Let v = t + l. What is the units digit of v?
8
Let x(r) = -r**3 + 6*r**2 - 3*r + 8. Let w = 18 - 14. What is the tens digit of x(w)?
2
Suppose 0 = 21*g + 1898 - 14372. What is the units digit of g?
4
Suppose 3*n = -j + n + 45, 210 = 4*j + 2*n. Suppose -2*f + j + 113 = 0. What is the units digit of f?
4
Let w(r) = r**3 - r**2 + r + 10. Let v be w(0). Let i be 17 + -13 + v*2. Suppose -i*y = -27*y + 108. What is the units digit of y?
6
Let k(l) = -l**3 + 2*l**2 + 2*l + 1. Let j be k(3). Let x = j + 9. Let s(m) = -m**3 + 7*m**2 + 5*m - 5. What is the units digit of s(x)?
0
Suppose 27*l - 8*l - 2109 = 0. What is the units digit of l?
1
Let b(g) = g**3 + 10*g**2 - 11*g + 2. Suppose 8*v + 100 = -2*v. What is the tens digit of b(v)?
1
Let p(q) = q**2 - 3*q + 6. Let u be 300/21 - 2/7. Suppose -4*a = 5*h - u, -2*h + 4*h + 2*a - 4 = 0. What is the units digit of p(h)?
4
Suppose 562 + 740 = 6*g. What is the tens digit of g?
1
Suppose 36*m - 63256 = 37760. What is the hundreds digit of m?
8
Let w = 129 + -109. What is the units digit of w?
0
What is the tens digit of (48/(-20))/(-4) + (-53128)/(-20)?
5
Let i(s) = -s + 1. Let n = -2 + -2. Let p be i(n). Suppose p*j - 24 = 4*j. What is the units digit of j?
4
Let h(s) = s - 12. Let m be h(-6). Let l = 20 + m. Suppose -l*j = -3*j + 2. What is the units digit of j?
2
Suppose 6*m - 582 - 1110 = 0. What is the tens digit of m?
8
Let v = -341 + 353. What is the tens digit of v?
1
Let a(p) = 10*p**3 + 2*p**2 - 1. Let l be a(1). Suppose -5*v - j = l + 24, 4*j = 0. Let q(m) = 2*m**2 + 10*m - 3. What is the tens digit of q(v)?
2
Let o = -136 - -308. What is the units digit of o?
2
Suppose -3*c = 3*l + 24, -3*c = l - 2 + 18. Let n = 22 + l. What is the units digit of n?
8
Suppose -138 = -7*l + 12805. What is the tens digit of l?
4
Let n = -57 + 60. What is the tens digit of (-979)/(-9) - n*(-8)/108?
0
Suppose 2*x + u = -2*u + 5787, 3*x = 2*u + 8661. What is the tens digit of x?
8
Let x = -33 + 21. Let o = x + 12. Let f = 11 - o. What is the tens digit of f?
1
Let i = 43 - 34. Suppose i = p - 2. What is the tens digit of p?
1
Suppose 15*t = 6*t + 20484. What is the hundreds digit of t?
2
Let y = -33 + 37. Suppose y*g - 112 = 2*v, -4*v + 9*v = -4*g + 84. What is the units digit of g?
6
Let v = 375 - 311. What is the units digit of v?
4
Let j(v) = -10*v + 18. Let s be j(13). Let q = 179 + s. What is the units digit of q?
7
Suppose 101 - 349 = -8*d. Suppose -5*m + m = 36. Let f = m + d. What is the tens digit of f?
2
Suppose 23*o - 75577 + 25828 = 0. What is the units digit of o?
3
Let w be (3 + (-7)/2)*0. Let c = 3 + w. What is the tens digit of 2*(c - 2) - -12?
1
What is the hundreds digit of (3046/(-6))/(8/(-24))?
5
Suppose 5*p - 16 = -4*g, p = -7*g + 2*g - 1. What is the units digit of 1/p + (-1143)/(-36)?
2
Suppose 9*r - 7 = 10*r - 3*l, 2*l = -5*r + 33. Suppose -3*v = 5*x - 593, -r*v + 607 = -2*v - 2*x. What is the hundreds digit of v?
2
Let c = 5911 - 3721. What is the hundreds digit of c?
1
Suppose -2*g - 28 + 952 = 0. Let s = g - 235. What is the tens digit of s?
2
Suppose -36*a = -40*a + 2300. What is the hundreds digit of a?
5
Let p = -8 - -20. Suppose 4*l = r - 0*l + 18, 2*r + 4*l = p. What is the tens digit